{"id":10303,"date":"2019-10-18T13:09:33","date_gmt":"2019-10-18T13:09:33","guid":{"rendered":"https:\/\/scar-id.com\/produto\/linear-sweater-black-acrylic-on-black\/"},"modified":"2020-04-27T19:48:10","modified_gmt":"2020-04-27T19:48:10","slug":"linear-sweater-black-acrylic-on-black","status":"publish","type":"product","link":"https:\/\/scar-id.com\/pt-pt\/produto\/linear-sweater-black-acrylic-on-black\/","title":{"rendered":"Sweater Linear, Acr\u00edlico Preto sobre Preto"},"content":{"rendered":"<!DOCTYPE html PUBLIC \"-\/\/W3C\/\/DTD HTML 4.0 Transitional\/\/EN\" \"http:\/\/www.w3.org\/TR\/REC-html40\/loose.dtd\">\n<html><body><p><img fetchpriority=\"high\" decoding=\"async\" class=\"size-full wp-image-5129 aligncenter\" src=\"https:\/\/scar-id.com\/wp-content\/uploads\/2019\/10\/Linear-Sweater.jpg\" alt=\"\" width=\"1400\" height=\"2061\" srcset=\"https:\/\/scar-id.com\/wp-content\/uploads\/2019\/10\/Linear-Sweater.jpg 679w, https:\/\/scar-id.com\/wp-content\/uploads\/2019\/10\/Linear-Sweater-204x300.jpg 204w, https:\/\/scar-id.com\/wp-content\/uploads\/2019\/10\/Linear-Sweater-768x1131.jpg 768w, https:\/\/scar-id.com\/wp-content\/uploads\/2019\/10\/Linear-Sweater-696x1024.jpg 696w, https:\/\/scar-id.com\/wp-content\/uploads\/2019\/10\/Linear-Sweater-324x477.jpg 324w, https:\/\/scar-id.com\/wp-content\/uploads\/2019\/10\/Linear-Sweater-416x612.jpg 416w\" sizes=\"(max-width: 1400px) 100vw, 1400px\" \/><\/p>\n<\/body><\/html>\n","protected":false},"excerpt":{"rendered":"<h6><strong>Detalhe:<\/strong> Camisola pintada \u00e0 m\u00e3o sobre tecido com tinta acr\u00edlica; escapul\u00e1rio<\/h6>\n<h6><strong>Material:<\/strong> 74% Viscose + 22% Poliamida + 4% Elastano<\/h6>\n<h6><strong>Largura:<\/strong> 48cm<\/h6>\n<h6><strong>Altura:<\/strong> 71cm<\/h6>\n<p>&nbsp;<\/p>\n<h6><\/h6>\n<h6>As colec\u00e7\u00f5es ATER by scar-id s\u00e3o exclusivas, dispon\u00edveis na scar-id store e em scar-id.com<\/h6>\n<h6>Desenhado e Produzido em Portugal<\/h6>\n<h6>Para informa\u00e7\u00f5es n\u00e3o hesite em nos contactar<\/h6>\n<h6><a href=\"mailto:info@scar-id.com\">info@scar-id.com<\/a>\u00a0\/ (+351) 22\u00a0203 3087<\/h6>\n","protected":false},"featured_media":5161,"template":"","meta":{"_uag_custom_page_level_css":""},"product_brand":[],"product_cat":[132],"product_tag":[],"class_list":{"0":"post-10303","1":"product","2":"type-product","3":"status-publish","4":"has-post-thumbnail","6":"product_cat-ater-x-liv","8":"first","9":"instock","10":"taxable","11":"shipping-taxable","12":"purchasable","13":"product-type-simple"},"aioseo_notices":[],"uagb_featured_image_src":{"full":["https:\/\/scar-id.com\/wp-content\/uploads\/2019\/10\/Linear-sweat.jpg",824,1138,false],"thumbnail":["https:\/\/scar-id.com\/wp-content\/uploads\/2019\/10\/Linear-sweat-150x150.jpg",150,150,true],"medium":["https:\/\/scar-id.com\/wp-content\/uploads\/2019\/10\/Linear-sweat-217x300.jpg",217,300,true],"medium_large":["https:\/\/scar-id.com\/wp-content\/uploads\/2019\/10\/Linear-sweat-768x1061.jpg",768,1061,true],"large":["https:\/\/scar-id.com\/wp-content\/uploads\/2019\/10\/Linear-sweat-741x1024.jpg",741,1024,true],"1536x1536":["https:\/\/scar-id.com\/wp-content\/uploads\/2019\/10\/Linear-sweat.jpg",824,1138,false],"2048x2048":["https:\/\/scar-id.com\/wp-content\/uploads\/2019\/10\/Linear-sweat.jpg",824,1138,false],"woocommerce_thumbnail":["https:\/\/scar-id.com\/wp-content\/uploads\/2019\/10\/Linear-sweat-324x447.jpg",324,447,true],"woocommerce_single":["https:\/\/scar-id.com\/wp-content\/uploads\/2019\/10\/Linear-sweat-416x575.jpg",416,575,true],"woocommerce_gallery_thumbnail":["https:\/\/scar-id.com\/wp-content\/uploads\/2019\/10\/Linear-sweat-100x100.jpg",100,100,true]},"uagb_author_info":{"display_name":"scar-id","author_link":"https:\/\/scar-id.com\/pt-pt\/author\/"},"uagb_comment_info":0,"uagb_excerpt":"Detalhe: Camisola pintada \u00e0 m\u00e3o sobre tecido com tinta acr\u00edlica; escapul\u00e1rio Material: 74% Viscose + 22% Poliamida + 4% Elastano Largura: 48cm Altura: 71cm &nbsp; As colec\u00e7\u00f5es ATER by scar-id s\u00e3o exclusivas, dispon\u00edveis na scar-id store e em scar-id.com Desenhado e Produzido em Portugal Para informa\u00e7\u00f5es n\u00e3o hesite em nos contactar info@scar-id.com\u00a0\/ (+351) 22\u00a0203 3087","_links":{"self":[{"href":"https:\/\/scar-id.com\/pt-pt\/wp-json\/wp\/v2\/product\/10303","targetHints":{"allow":["GET"]}}],"collection":[{"href":"https:\/\/scar-id.com\/pt-pt\/wp-json\/wp\/v2\/product"}],"about":[{"href":"https:\/\/scar-id.com\/pt-pt\/wp-json\/wp\/v2\/types\/product"}],"wp:featuredmedia":[{"embeddable":true,"href":"https:\/\/scar-id.com\/pt-pt\/wp-json\/wp\/v2\/media\/5161"}],"wp:attachment":[{"href":"https:\/\/scar-id.com\/pt-pt\/wp-json\/wp\/v2\/media?parent=10303"}],"wp:term":[{"taxonomy":"product_brand","embeddable":true,"href":"https:\/\/scar-id.com\/pt-pt\/wp-json\/wp\/v2\/product_brand?post=10303"},{"taxonomy":"product_cat","embeddable":true,"href":"https:\/\/scar-id.com\/pt-pt\/wp-json\/wp\/v2\/product_cat?post=10303"},{"taxonomy":"product_tag","embeddable":true,"href":"https:\/\/scar-id.com\/pt-pt\/wp-json\/wp\/v2\/product_tag?post=10303"}],"curies":[{"name":"wp","href":"https:\/\/api.w.org\/{rel}","templated":true}]}}

Sweater Linear, Acrílico Preto sobre Preto

<h6><strong>Detalhe:</strong> Camisola pintada à mão sobre tecido com tinta acrílica; escapulário</h6>
<h6><strong>Material:</strong> 74% Viscose + 22% Poliamida + 4% Elastano</h6>
<h6><strong>Largura:</strong> 48cm</h6>
<h6><strong>Altura:</strong> 71cm</h6>
<p>&nbsp;</p>
<h6></h6>
<h6>As colecções ATER by scar-id são exclusivas, disponíveis na scar-id store e em scar-id.com</h6>
<h6>Desenhado e Produzido em Portugal</h6>
<h6>Para informações não hesite em nos contactar</h6>
<h6><a href="mailto:info@scar-id.com">info@scar-id.com</a> / (+351) 22 203 3087</h6>

Detalhe: Camisola pintada à mão sobre tecido com tinta acrílica; escapulário Material: 74% Viscose + 22% Poliamida + 4% Elastano Largura: 48cm Altura: 71cm &nbsp; As colecções ATER by scar-id são exclusivas, disponíveis na scar-id store e em scar-id.com Desenhado e Produzido em Portugal Para informações não hesite em nos contactar info@scar-id.com / (+351) 22 203 3087
