{"id":10940,"date":"2019-10-18T12:46:48","date_gmt":"2019-10-18T12:46:48","guid":{"rendered":"https:\/\/scar-id.com\/produto\/sulco-open-ring\/"},"modified":"2022-01-25T21:04:37","modified_gmt":"2022-01-25T21:04:37","slug":"sulco-open-ring","status":"publish","type":"product","link":"https:\/\/scar-id.com\/pt-pt\/produto\/sulco-open-ring\/","title":{"rendered":"Anel Torcido Sulco"},"content":{"rendered":"<!DOCTYPE html PUBLIC \"-\/\/W3C\/\/DTD HTML 4.0 Transitional\/\/EN\" \"http:\/\/www.w3.org\/TR\/REC-html40\/loose.dtd\">\n<html><body><p><img fetchpriority=\"high\" decoding=\"async\" class=\"size-full wp-image-4077 aligncenter\" src=\"https:\/\/scar-id.com\/wp-content\/uploads\/2019\/10\/09-1.jpg\" alt=\"\" width=\"1400\" height=\"1257\" srcset=\"https:\/\/scar-id.com\/wp-content\/uploads\/2019\/10\/09-1.jpg 1000w, https:\/\/scar-id.com\/wp-content\/uploads\/2019\/10\/09-1-300x269.jpg 300w, https:\/\/scar-id.com\/wp-content\/uploads\/2019\/10\/09-1-768x690.jpg 768w, https:\/\/scar-id.com\/wp-content\/uploads\/2019\/10\/09-1-1024x919.jpg 1024w, https:\/\/scar-id.com\/wp-content\/uploads\/2019\/10\/09-1-324x291.jpg 324w, https:\/\/scar-id.com\/wp-content\/uploads\/2019\/10\/09-1-416x374.jpg 416w\" sizes=\"(max-width: 1400px) 100vw, 1400px\" \/><\/p>\n<p><img decoding=\"async\" class=\"size-full wp-image-4079\" src=\"https:\/\/scar-id.com\/wp-content\/uploads\/2019\/10\/10-1.jpg\" alt=\"\" width=\"1400\" height=\"1341\" srcset=\"https:\/\/scar-id.com\/wp-content\/uploads\/2019\/10\/10-1.jpg 1000w, https:\/\/scar-id.com\/wp-content\/uploads\/2019\/10\/10-1-300x287.jpg 300w, https:\/\/scar-id.com\/wp-content\/uploads\/2019\/10\/10-1-768x736.jpg 768w, https:\/\/scar-id.com\/wp-content\/uploads\/2019\/10\/10-1-1024x981.jpg 1024w, https:\/\/scar-id.com\/wp-content\/uploads\/2019\/10\/10-1-324x310.jpg 324w, https:\/\/scar-id.com\/wp-content\/uploads\/2019\/10\/10-1-416x398.jpg 416w\" sizes=\"(max-width: 1400px) 100vw, 1400px\" \/><\/p>\n<\/body><\/html>\n","protected":false},"excerpt":{"rendered":"<h6><strong>Material:<\/strong> Lat\u00e3o<\/h6>\n<h6>Para encomendar um Anel, por favor envie-nos a medida do di\u00e2metro interior de um anel que j\u00e1 usa, para o desenvolvermos \u00e0 sua medida<\/h6>\n<h6><\/h6>\n<h6>Todas as pe\u00e7as de joalharia da parceria<\/h6>\n<h6>ATER x PATRICIA COSTA s\u00e3o<\/h6>\n<h6>Desenhadas e Produzidas em Portugal<\/h6>\n<h6>Para informa\u00e7\u00f5es e tamanhos n\u00e3o hesite em nos contactar<\/h6>\n<h6><a href=\"mailto:info@scar-id.com\">info@scar-id.com<\/a>\u00a0\/ (+351) 22\u00a0203 3087<\/h6>\n","protected":false},"featured_media":3414,"template":"","meta":{"_uag_custom_page_level_css":""},"product_brand":[],"product_cat":[133],"product_tag":[],"class_list":{"0":"post-10940","1":"product","2":"type-product","3":"status-publish","4":"has-post-thumbnail","6":"product_cat-ater-x-patricia-costa","7":"pif-has-gallery","9":"first","10":"outofstock","11":"taxable","12":"shipping-taxable","13":"purchasable","14":"product-type-simple"},"aioseo_notices":[],"uagb_featured_image_src":{"full":["https:\/\/scar-id.com\/wp-content\/uploads\/2019\/10\/openring.jpg",1400,1933,false],"thumbnail":["https:\/\/scar-id.com\/wp-content\/uploads\/2019\/10\/openring-150x150.jpg",150,150,true],"medium":["https:\/\/scar-id.com\/wp-content\/uploads\/2019\/10\/openring-217x300.jpg",217,300,true],"medium_large":["https:\/\/scar-id.com\/wp-content\/uploads\/2019\/10\/openring-768x1060.jpg",768,1060,true],"large":["https:\/\/scar-id.com\/wp-content\/uploads\/2019\/10\/openring-742x1024.jpg",742,1024,true],"1536x1536":["https:\/\/scar-id.com\/wp-content\/uploads\/2019\/10\/openring.jpg",1112,1536,false],"2048x2048":["https:\/\/scar-id.com\/wp-content\/uploads\/2019\/10\/openring.jpg",1400,1933,false],"woocommerce_thumbnail":["https:\/\/scar-id.com\/wp-content\/uploads\/2019\/10\/openring-324x447.jpg",324,447,true],"woocommerce_single":["https:\/\/scar-id.com\/wp-content\/uploads\/2019\/10\/openring-416x574.jpg",416,574,true],"woocommerce_gallery_thumbnail":["https:\/\/scar-id.com\/wp-content\/uploads\/2019\/10\/openring-100x100.jpg",100,100,true]},"uagb_author_info":{"display_name":"scar-id","author_link":"https:\/\/scar-id.com\/pt-pt\/author\/"},"uagb_comment_info":0,"uagb_excerpt":"Material: Lat\u00e3o Para encomendar um Anel, por favor envie-nos a medida do di\u00e2metro interior de um anel que j\u00e1 usa, para o desenvolvermos \u00e0 sua medida Todas as pe\u00e7as de joalharia da parceria ATER x PATRICIA COSTA s\u00e3o Desenhadas e Produzidas em Portugal Para informa\u00e7\u00f5es e tamanhos n\u00e3o hesite em nos contactar info@scar-id.com\u00a0\/ (+351) 22\u00a0203&hellip;","_links":{"self":[{"href":"https:\/\/scar-id.com\/pt-pt\/wp-json\/wp\/v2\/product\/10940","targetHints":{"allow":["GET"]}}],"collection":[{"href":"https:\/\/scar-id.com\/pt-pt\/wp-json\/wp\/v2\/product"}],"about":[{"href":"https:\/\/scar-id.com\/pt-pt\/wp-json\/wp\/v2\/types\/product"}],"wp:featuredmedia":[{"embeddable":true,"href":"https:\/\/scar-id.com\/pt-pt\/wp-json\/wp\/v2\/media\/3414"}],"wp:attachment":[{"href":"https:\/\/scar-id.com\/pt-pt\/wp-json\/wp\/v2\/media?parent=10940"}],"wp:term":[{"taxonomy":"product_brand","embeddable":true,"href":"https:\/\/scar-id.com\/pt-pt\/wp-json\/wp\/v2\/product_brand?post=10940"},{"taxonomy":"product_cat","embeddable":true,"href":"https:\/\/scar-id.com\/pt-pt\/wp-json\/wp\/v2\/product_cat?post=10940"},{"taxonomy":"product_tag","embeddable":true,"href":"https:\/\/scar-id.com\/pt-pt\/wp-json\/wp\/v2\/product_tag?post=10940"}],"curies":[{"name":"wp","href":"https:\/\/api.w.org\/{rel}","templated":true}]}}

<h6><strong>Material:</strong> Latão</h6>
<h6>Para encomendar um Anel, por favor envie-nos a medida do diâmetro interior de um anel que já usa, para o desenvolvermos à sua medida</h6>
<h6></h6>
<h6>Todas as peças de joalharia da parceria</h6>
<h6>ATER x PATRICIA COSTA são</h6>
<h6>Desenhadas e Produzidas em Portugal</h6>
<h6>Para informações e tamanhos não hesite em nos contactar</h6>
<h6><a href="mailto:info@scar-id.com">info@scar-id.com</a> / (+351) 22 203 3087</h6>

Material: Latão Para encomendar um Anel, por favor envie-nos a medida do diâmetro interior de um anel que já usa, para o desenvolvermos à sua medida Todas as peças de joalharia da parceria ATER x PATRICIA COSTA são Desenhadas e Produzidas em Portugal Para informações e tamanhos não hesite em nos contactar info@scar-id.com / (+351) 22 203&hellip;
